e
Is 1083 a multiple of 16?
False
Is 1350 a multiple of 50?
True
Is 166 a multiple of 15?
False
Is 1490 a multiple of 53?
False
Is 29 a factor of 29?
True
Is 37137 a multiple of 11?
False
Is 11 a factor of 55?
True
Is 20235 a multiple of 15?
True
Does 20 divide 678?
False
Is 24 a factor of 391?
False
Is 78 a factor of 26130?
True
Is 246 a factor of 13937?
False
Is 5 a factor of 2125?
True
Is 25 a factor of 1000?
True
Does 35 divide 4095?
True
Is 4847 a multiple of 85?
False
Is 18978 a multiple of 29?
False
Is 14 a factor of 2240?
True
Does 42 divide 1932?
True
Does 14 divide 4826?
False
Is 27 a factor of 378?
True
Does 9 divide 11048?
False
Is 10680 a multiple of 89?
True
Is 48 a factor of 2122?
False
Is 44 a factor of 440?
True
Does 3 divide 1230?
True
Is 22957 a multiple of 14?
False
Is 149936 a multiple of 15?
False
Does 6 divide 120?
True
Does 14 divide 1361?
False
Is 3 a factor of 396?
True
Is 83 a multiple of 18?
False
Does 244 divide 60780?
False
Does 4 divide 10299?
False
Is 28 a factor of 20048?
True
Does 11 divide 11583?
True
Is 2 a factor of 455?
False
Is 19 a factor of 325?
False
Is 372 a multiple of 5?
False
Is 401 even?
False
Is 15 a factor of 26018?
False
Is 1770 a multiple of 15?
True
Does 12 divide 20?
False
Is 1331 a multiple of 15?
False
Is 7 a factor of 2954?
True
Is 363 a multiple of 7?
False
Is 15362 a multiple of 45?
False
Does 3 divide 275?
False
Is 401 a factor of 1549?
False
Is 68 a factor of 5848?
True
Is 56 a factor of 1008?
True
Is 6140 a multiple of 37?
False
Is 251 a multiple of 12?
False
Is 26589 a multiple of 19?
False
Does 8 divide 2658?
False
Is 56 a factor of 16688?
True
Is 39267 a multiple of 231?
False
Is 16 a factor of 8448?
True
Is 37 a factor of 222?
True
Is 5712 a multiple of 21?
True
Does 29 divide 2378?
True
Is 624 a multiple of 16?
True
Is 174 a multiple of 16?
False
Is 19 a factor of 115862?
True
Is 4452 a multiple of 12?
True
Is 6156 a multiple of 36?
True
Is 1380 a multiple of 14?
False
Does 15 divide 28591?
False
Does 189 divide 378?
True
Does 6 divide 39?
False
Is 19 a factor of 33994?
False
Is 505 a multiple of 3?
False
Does 158 divide 11534?
True
Is 8482 a multiple of 61?
False
Does 10 divide 890?
True
Is 3793 a multiple of 13?
False
Is 517 a multiple of 45?
False
Does 111 divide 18204?
True
Is 41 a factor of 6063?
False
Is 27289 a multiple of 23?
False
Does 28 divide 1176?
True
Does 66 divide 2310?
True
Is 100 a multiple of 32?
False
Does 164 divide 11644?
True
Is 1014 a multiple of 39?
True
Does 54 divide 108?
True
Does 38 divide 532?
True
Does 14 divide 1886?
False
Is 163 a multiple of 36?
False
Is 7 a factor of 2695?
True
Does 4 divide 552?
True
Is 87 a factor of 1131?
True
Is 21047 a multiple of 22?
False
Is 11 a factor of 1848?
True
Does 47 divide 2286?
False
Is 2216 a multiple of 14?
False
Is 910 a multiple of 35?
True
Does 45 divide 2792?
False
Is 8832 a multiple of 23?
True
Is 1701 a multiple of 21?
True
Is 2 a factor of 1808?
True
Is 14999 a multiple of 25?
False
Does 5 divide 589?
False
Is 7 a factor of 56?
True
Is 6 a factor of 989?
False
Is 4425 a multiple of 25?
True
Does 17 divide 3887?
False
Does 20 divide 1369?
False
Is 1601 a multiple of 85?
False
Is 27894 a multiple of 20?
False
Is 23 a factor of 40706?
False
Is 3 a factor of 2468?
False
Is 720 a multiple of 72?
True
Is 209 a multiple of 9?
False
Is 20 a factor of 7380?
True
Is 6 a factor of 1520?
False
Is 7425 a multiple of 67?
False
Is 4 a factor of 162?
False
Is 621 a multiple of 12?
False
Is 12 a factor of 3276?
True
Is 8 a factor of 2152?
True
Is 17 a factor of 1072?
False
Is 19980 a multiple of 20?
True
Does 144 divide 31547?
False
Is 84972 a multiple of 292?
True
Is 15288 a multiple of 9?
False
Is 49317 a multiple of 28?
False
Is 66 a factor of 837?
False
Does 15 divide 1732?
False
Does 13 divide 4056?
True
Is 41173 a multiple of 6?
False
Is 1932 a multiple of 47?
False
Does 11 divide 11292?
False
Is 402 a multiple of 6?
True
Does 94 divide 889?
False
Does 16 divide 234?
False
Does 70 divide 140?
True
Is 31 a factor of 558?
True
Is 31 a factor of 10850?
True
Does 80 divide 6560?
True
Does 32 divide 751?
False
Is 31 a factor of 881?
False
Is 75 a factor of 64950?
True
Is 399 a multiple of 2?
False
Does 7 divide 11671?
False
Does 62 divide 1798?
True
Is 76 a multiple of 6?
False
Is 11592 a multiple of 207?
True
Is 36318 a multiple of 6?
True
Is 12 a factor of 228?
True
Does 238 divide 62685?
False
Does 8 divide 328?
True
Does 24 divide 7473?
False
Does 32 divide 5088?
True
Is 15 a factor of 300?
True
Does 111 divide 705?
False
Is 2821 a multiple of 13?
True
Does 39 divide 323?
False
Is 969 a multiple of 19?
True
Is 150520 a multiple of 212?
True
Is 30 a multiple of 10?
True
Does 194 divide 3505?
False
Is 37083 a multiple of 73?
False
Is 120 a factor of 6120?
True
Does 13 divide 1287?
True
Does 14 divide 1246?
True
Is 3306 a multiple of 38?
True
Does 26 divide 667?
False
Does 10 divide 2880?
True
Is 210 a multiple of 3?
True
Is 17713 a multiple of 5?
False
Is 54713 a multiple of 16?
False
Is 46 a factor of 16284?
True
Is 4571 a multiple of 5?
False
Is 11 a factor of 121?
True
Is 17052 a multiple of 203?
True
Is 147 a factor of 29533?
False
Does 40 divide 12033?
False
Does 41 divide 2050?
True
Is 143 a multiple of 3?
False
Is 7281 a multiple of 125?
False
Is 90 a multiple of 18?
True
Does 45 divide 2565?
True
Is 142 a factor of 2272?
True
Does 49 divide 20923?
True
Does 86 divide 8979?
False
Is 984 a multiple of 56?
False
Does 81 divide 6561?
True
Is 10 a factor of 625?
False
Is 70 a factor of 6060?
False
Is 93 a factor of 12090?
True
Does 6 divide 16494?
True
Does 3 divide 5857?
False
Is 11 a factor of 169?
False
Is 900 a multiple of 36?
True
Does 28 divide 868?
True
Does 5 divide 1586?
False
Is 70592 a multiple of 32?
True
Is 418 a multiple of 22?
True
Is 30 a multiple of 2?
True
Does 24 divide 5445?
False
Is 23724 a multiple of 13?
False
Does 35 divide 1951?
False
Does 292 divide 1346?
False
Does 34 divide 1156?
True
Is 15 a factor of 1410?
True
Is 23 a factor of 516?
False
Does 3 divide 513?
True
Is 12 a factor of 1788?
True
Does 25 divide 1250?
True
Is 3 a factor of 63?
True
Is 228 a multiple of 3?
True
Is 30 a factor of 52920?
True
Does 12 divide 6877?
False
Is 9 a factor of 469?
False
Does 99 divide 891?
True
Does 180 divide 10800?
True
Is 17 a factor of 107?
False
Is 410 a factor of 37342?
False
Does 4 divide 8028?
True
Does 7 divide 1260?
True
Is 93 a factor of 20966?
False
Is 2400 a multiple of 10?
True
Does 12 divide 876?
True
Is 13 a factor of 3777?
False
Is 13255 a multiple of 55?
True
Is 11515 a multiple of 47?
True
Does 21 divide 383?
False
Is 3 a factor of 981?
True
Is 6 a factor of 288?
True
Does 195 divide 10335?
True
Is 33 a factor of 788?
False
Is 3042 a multiple of 39?
True
Is 2354 a multiple of 45?
False
Does 6 divide 453?
False
Is 111996 a multiple of 133?
False
Is 5289 a multiple of 123?
True
Does 102 divide 1680?
False
Is 14 a factor of 7166?
False
Does 87 divide 10021?
False
Is 13 a factor of 14547?
True
Does 16 divide 256?
True
Is 5 a factor of 373?
False
Does 277 divide 82596?
False
Does 59 divide 14395?
False
Is 1319 a multiple of 18?
False
Is 1564 a multiple of 32?
False
Is 18450 a multiple of 205?
True
Is 19 a factor of 1007?
True
Is 3289 a multiple of 45?
False
Is 6 a factor of 217?
False
Does 123 divide 25707?
True
Is 3815 a multiple of 130?
False
Is 35 a factor of 5355?
True
Is 2236 a multiple of 43?
True
Is 29617 a multiple of 11?
False
Is 383 a multiple of 35?
False
Does 3 divide 3824?
False
Is 149 a multiple of 2?
False
Is 7408 a multiple of 52?
False
Is 63 a factor of 2411?
False
Does 17 divide 558?
False
Is 16800 a multiple of 200?
True
Is 1569 a multiple of 17?
False
Does 4 divide 415?
False
Does 55 divide 3310?
False
Is 215 a factor of 24610?
False
Is 34 a multiple of 8?
False
Is 1980 a multiple of 12?
True
Is 111 a factor of 111?
True
Is 2070 a multiple of 15?
True
Is 8 a factor of 231?
False
Does 12 divide 5628?
True
Does 110 divide 19030?
True
Is 15 a factor of 5985?
True
Is 25 a factor of 1625?
True
Does 9 divide 20412?
True
Does 5 divide 1017?
False
Is 1928 a multiple of 48?
False
Is 50 a factor of 300?
True
Is 2 a factor of 12735?
False
Is 12 a factor of 10002?
False
Is